b - 2*r + 5. Let v(o) = 5 - 3*o - 4*o + 3*o + 3*o. Give v(b).
1
Let b(w) = 13*w + 0*w + 3 - 2*w. Let j(k) = -4*k - 1. Let z(c) = -3*b(c) - 8*j(c). Determine z(-3).
2
Let g(m) = -2*m**2 - 48*m + 94*m + 1 - 44*m. Suppose 6*c = 5*b + 2*c - 3, 0 = -3*c - 6. Give g(b).
-3
Suppose l = -2*l - 3*d, -3*l = -3*d - 24. Let p(o) = o**3 - 4*o**2 - 5*o + 6. Calculate p(l).
-14
Let g(p) be the first derivative of 1/2*p**2 - 3 + 0*p. Calculate g(5).
5
Let t(s) = -16*s - 45. Let f(y) = -3*y - 9. Let d be -3 + 10*(-3)/6. Let k be (2/4)/((-2)/d). Let r(l) = k*t(l) - 11*f(l). What is r(-4)?
5
Let x(g) = 7*g**3 + g**2. Let i(s) be the third derivative of s**5/60 - s**4/24 + s**3/6 - 5*s**2. Let w be i(0). What is x(w)?
8
Let l(n) = -2*n**2 - 2*n. Suppose 3*o - k = 6*o + 9, 19 = -2*o - 5*k. Determine l(o).
-4
Let z(w) = 3*w - 3. Let s be (-4)/(7/3 + -3). What is z(s)?
15
Let d(q) = 3*q + 16. Let t be d(-4). Let l(z) = z**3 - 3*z**2 - 5*z + 4. What is l(t)?
0
Let z(h) be the second derivative of h**5/20 + 5*h**4/12 + h**3/2 + 2*h**2 - 3*h - 5. Give z(-5).
-11
Let i = -1 + 3. Let b(r) = -r**2 + 4 + 0 + i*r - 4. Let j = -5 - -7. Determine b(j).
0
Let v(y) = -y**3 - y**2 + y + 8. Let h be 0*(12/8 + -1). Calculate v(h).
8
Let m(w) = 2*w - 4*w + w - 10*w**3 - 3*w**2 + 2*w**2. Let x(q) = -q**2 - 10*q + 10. Let i be x(-11). Give m(i).
10
Let p(z) = z**2 + 5*z + 1. Suppose 4*u + 4 = 6*u. Let j = u + 0. Suppose 5*a = j*a - 12. Determine p(a).
-3
Let b(i) be the third derivative of -i**5/60 - i**4/3 - 2*i**3/3 + 7*i**2. Calculate b(-7).
3
Let i(b) = 13*b**2 + 3*b. Let v(f) = -14*f**2 - 4*f. Let c(q) = q + 2. Let p be c(-9). Let s = p - -5. Let r(d) = s*v(d) - 3*i(d). Give r(-1).
-10
Let v(z) be the first derivative of -z**2/2 + 6*z + 3. Let y(b) = -b**3 - 3*b**2 + 3*b - 1. Let p be y(-4). Let h be (-2)/p - 8/(-12). Determine v(h).
6
Let s = 23 - 22. Let v = -6 + 9. Let t be -2*(s - (5 - v)). Let m(q) = -q**2 + 4*q - 2. Give m(t).
2
Let g(w) be the second derivative of -2*w**3/3 + 3*w**2/2 - 12*w. Determine g(2).
-5
Let w be (-2)/(-7) - 5/(-7). Let r be -2*(-1 + -1) - 7. Let v(k) = k. Let p(x) = 2*x - 4. Let z(n) = r*v(n) + w*p(n). Determine z(-2).
-2
Let n = 53 + -51. Let v(i) = -3*i**2 + 2*i - 3. Determine v(n).
-11
Let u = -13 + 12. Let f be ((-2)/(-2))/(u - 0). Let a(w) = 6*w**3 + w**2 + w + 1. Give a(f).
-5
Let x(j) = -3*j + 12. Let u be x(4). Suppose q - 17 + 11 = u. Let i(r) = -r**3 + 7*r**2 - 7*r - 4. Give i(q).
-10
Let d(q) = q + 5. Let u(m) = 1 + m**2 - m**3 + m**3 + m**3 + 4*m - 2*m**3. Let i be u(3). Give d(i).
0
Suppose -3*u + 12 = -0*u. Let g(w) = -w**2 + 3*w + 3. Calculate g(u).
-1
Let x(q) = 7*q**3 - 7 + 2 - 5 + 21*q**2 - 12*q**2. Let y(v) = 6*v**3 + 8*v**2 - v - 9. Let a(h) = -5*x(h) + 6*y(h). Calculate a(-4).
4
Suppose -4*u - 2*s - 1 = 11, -3*u = -3*s + 9. Let v(x) = -x**3 + 2*x**2 + 6*x + 3. Let y(i) = -i**3 + 3*i**2 + 7*i + 4. Let d(b) = -6*v(b) + 5*y(b). Give d(u).
5
Let s = 21 + -17. Let r(q) be the second derivative of -1/20*q**5 + 0 + 2/3*q**3 - 1/4*q**s + 3*q**2 - 3*q. Determine r(-4).
6
Let x = -2 + 2. Suppose x = i + i. Let z(c) = -c**2 - c + 6. What is z(i)?
6
Let y(t) = -t**2 + 7*t - 3. Let n = 10 + 14. Suppose n = 4*b - 0. What is y(b)?
3
Let n = 1 - -4. Suppose -15 = 2*u + 5*h, -20 + n = 5*h. Let p(x) = -5*x + 3. Let s(t) = -4*t + 3. Let l(k) = -3*p(k) + 4*s(k). Determine l(u).
3
Let i(y) = -y**2 - y + 3. Let u be i(0). Suppose -5*t = 5*o - 15, 2*t - 3 = u. Suppose o = -2*k + 8. Let v(g) = -g**2 + 2*g + 1. Give v(k).
-7
Let z(v) = -v**3 + v**2 + 9. Suppose k + m = -2 - 2, -4*m = 5*k + 16. Calculate z(k).
9
Let i(o) be the first derivative of o**4/4 - 4*o**3/3 + o**2 + 4*o - 7. Calculate i(4).
12
Let x(f) be the first derivative of 2*f**3/3 + 2*f**2 - f - 2. Suppose -l = 3*l - 84. Suppose 3*j = 5*b - j + 23, 0 = 5*b - 3*j + l. Calculate x(b).
5
Let w(p) be the third derivative of -p**6/120 - p**5/60 + p**4/24 + p**3 + p**2. Let a = -23 + 23. Determine w(a).
6
Let i(c) be the second derivative of c**4/24 - 11*c**3/6 - 7*c**2/2 - 6*c. Let x(u) be the first derivative of i(u). What is x(5)?
-6
Let z(j) be the third derivative of j**4/6 + 3*j**2. Let g(d) = -d. Let p(f) = 5*g(f) + z(f). Let b = -12 + 7. Determine p(b).
5
Let l(i) be the first derivative of i**3/3 + 3*i**2 + 4*i - 1. Let g(b) = -b**3 + 6*b**2 - 7*b + 5. Let f be 1/((-1)/20*-4). Let c be g(f). What is l(c)?
-1
Let f(k) = 3*k**3 - 3*k + 18. Let h(d) = -2*d**3 + 2*d - 12. Let r(i) = -5*f(i) - 8*h(i). Let p be r(0). Let g(s) = s - 7. Give g(p).
-1
Let o(c) = 8*c**2 + 6*c**3 + 2*c - 3*c**2 - 4*c**2 + 1. Give o(-1).
-6
Suppose -4*s = s - 25. Let h(k) = k**3 + 12*k**2 - k - 1. Let c(t) = -t**3 - 11*t**2 + t + 2. Let m(a) = s*c(a) + 4*h(a). What is m(-7)?
-1
Let g(c) = c**3 - 3*c**2 - 3. Let q(v) = -v**2 + 4*v + 3. Suppose 0 = 3*b + b - 16. Let n be q(b). Give g(n).
-3
Let z(f) = 0*f**2 - f**2 - 5 + 7*f + 0*f**2. Give z(4).
7
Let f(h) = -h**3 - 8*h**2 - 7*h + 8. Let n = 75 + -82. Determine f(n).
8
Suppose 7*g + 10 = 2*g. Let v(p) = -p**2 + p + 1. Let d(a) = -5*a**2 + 2*a + 5. Let n(i) = -d(i) + 4*v(i). Give n(g).
-1
Let q(r) = 3*r**2 + 3 - 3 - 4*r**2 - 4 - 3*r. Let t be -1*((-2)/(-2) + 2). Calculate q(t).
-4
Suppose 2*g = -0 + 6. Let d(y) = g*y - 11 - 6*y + 2*y. What is d(0)?
-11
Let r(l) be the third derivative of -3*l**2 + 1/12*l**4 + 0 - 3/2*l**3 + 0*l. Calculate r(6).
3
Let u(m) be the third derivative of -m**4/8 - 25*m**2. Determine u(2).
-6
Let b(p) = -3*p + 9. Let u(j) = j - 5. Let r(f) = 2*b(f) + 5*u(f). Give r(-4).
-3
Let q = -9 + 13. Suppose -1 = -5*t + 4*y, 5*t + q*y = t + 8. Let j(o) = -o**3 + o**2 - o + 1. What is j(t)?
0
Let u(i) be the second derivative of i**5/20 - 7*i**4/12 + 4*i**3/3 - 5*i**2/2 + 30*i. Calculate u(6).
7
Suppose -6*g = -3*g. Suppose 2*f + 14 = 4*m, g*m - 5*f = m + 13. Let h(b) = -b**3 + 4*b**2 - 4*b**2. What is h(m)?
-8
Let h(s) = -s**3 - 6*s**2 - 2*s + 5. Suppose -2*i - 15 = -5. What is h(i)?
-10
Let a(t) = -11*t**2 - 12*t - 7. Let u(x) = -5*x**2 - 6*x - 3. Let h(d) = -3*a(d) + 7*u(d). Suppose 2*w = 4*l - 8, -12 = w + 2*w + l. What is h(w)?
-8
Let j = 3 + -2. Let i(f) = 2*f**2 + 3*f**2 + 5*f**2 - 1 - 2*f**2. What is i(j)?
7
Suppose 5*j = -3*x + 1 - 9, -3*j = -6. Let o = x + 9. Let s(d) = -5 + 2*d + 1 + o - d**2. What is s(4)?
-9
Let x(c) be the third derivative of c**4/3 + 8*c**2. Suppose -4*q = 8, 2*l + 3*q = -l - 9. What is x(l)?
-8
Let z(s) = -7*s**2 - 4*s + 4. Let t(x) = -15*x**2 - 9*x + 8. Let y(g) = -6*t(g) + 13*z(g). Give y(-3).
-11
Let v(q) = q**3 - q**2 - 1. Let o be v(2). Let u(g) = 0*g + 0*g - o*g**3 + 4*g**3. Let d(k) = -k - 5. Let m be d(-6). Determine u(m).
1
Suppose 36 = 2*c - 4*l, -2*c + 6*c - l = 100. Suppose 3*b - 40 = -2*b - 5*i, -4*b + c = i. Let u(t) = 7*t - t**2 + 8 - 3*t + 0. Determine u(b).
-4
Let j(s) be the first derivative of s**4/2 + s**3 + s**2 + 2*s + 58. Suppose u = -0 + 2. Let y = 0 - u. What is j(y)?
-6
Suppose -3*g - 7*l = -2*l + 17, -g = 5*l + 9. Let d(s) = s**2 + 3*s - 1. Give d(g).
3
Let g(k) be the second derivative of k**3/3 + k**2 + k. What is g(-3)?
-4
Let u = -2 - -2. Let j(r) = -r**3 + 6*r**2 - 3*r - 6. Let v be j(5). Let s(x) = v*x + x - 2*x + 4 - 4*x. Determine s(u).
4
Let h = -17 + 11. Let r = 3 + h. Let k(o) = -3*o + 4 + 3*o - o. What is k(r)?
7
Suppose -19 = 3*c - 7. Let s be (8/6)/(c/12). Let i(q) = -q - 14. Let f(u) = 1. Let y(j) = -22*f(j) - 2*i(j). Give y(s).
-2
Let u(o) = 5*o**2 - o**2 + 2*o**2 + 3*o - 4*o**2. Let l(p) = -p**3 - 11*p**2 - 9*p + 8. Let m be l(-10). What is u(m)?
2
Let i(x) = -x**2 - 5*x + 1. Let j be i(-6). Let r(m) be the third derivative of 1/8*m**4 + 2/3*m**3 - 1/120*m**6 + 2*m**2 - 1/12*m**5 + 0 + 0*m. What is r(j)?
-11
Let j(p) be the third derivative of p**6/120 - p**5/12 + p**4/8 + p**3/6 + 9*p**2. Give j(4).
-3
Let t(h) = 7*h + 8. Let y(s) = 3*s + 4. Let c(j) = 4*t(j) - 9*y(j). What is c(3)?
-1
Let c(b) = b**3 - 5*b**2 + 4*b + 2. Let d(g) = g**3 - 8*g**2 - 7*g - 6. Let a be d(9). Let u = a + -8. Give c(u).
2
Let q = -101 - -105. Let m(d) = -d**2 + 5*d + 1. Determine m(q).
5
Let w(n) = n**3 + 5*n**2 + n - 1. Let m = 2 + -7. Calculate w(m).
-6
Let a = -6 - -13. Let x(z) = -4*z - 31. Let c(k) = 3*k + 12. Let j(t) = t + 1. Let b(d) = c(d) - 2*j(d). Let n(u) = a*b(u) + 2*x(u). What i